 t and 49.
49
Suppose -16*p = -13*p - 408. Suppose 59 = 5*v - p. Calculate the greatest common factor of v and 13.
13
Let t(s) = s**3 - 5*s**2 - 6*s + 12. Let b be t(6). Suppose -j + b = 4*l, -j - l = -0*l - 27. Calculate the greatest common factor of 256 and j.
32
Let n(p) = 3*p + 12. Let l(y) = 2*y + 5. Let d(c) = 5*l(c) - 3*n(c). Let a be d(12). What is the greatest common factor of a and 16?
1
Let b be (-4)/(-14) + 128/(-7). Let v = 27 + b. Let f = 40697 - 40652. What is the greatest common factor of v and f?
9
Let i(w) = -5*w**3 - 30*w**2 - 106*w - 78. Let q be i(-8). What is the highest common factor of q and 846?
282
Let y be (52060/133)/((-2)/(-28)). What is the greatest common divisor of 20 and y?
20
Suppose 5*n + 6848 = 7248. What is the greatest common divisor of n and 740?
20
Let g be (-1)/((-6)/(-4)*8/1788). Let m = 34 + g. Let k be (-2)/7 + m/(-35) + 4. What is the highest common divisor of k and 1?
1
Suppose -14*w = -28*w + 4172. Suppose -4*u = 5*y - w, u - 4*y = -2*u + 239. Calculate the greatest common factor of 7 and u.
7
Let h be 28/((39/(-12) - -3)*16/(-32)). What is the greatest common factor of 1312 and h?
32
Suppose -30*s = -24*s - 72. Suppose 63*g = 67*g - s. Let x = 11 - -4. What is the greatest common divisor of x and g?
3
Suppose -25 = -2*k + 2*z + 27, -2*z + 98 = 4*k. Suppose 11*p - 120 = 7*p. Suppose -4*l = 2*l - p. What is the greatest common divisor of l and k?
5
Suppose -2*h = 6, -w + 3*w + 2*h = 42. Let q be 5/(-40) - -889*3/w. Let v be ((-6)/4)/((-54)/2664). What is the highest common divisor of v and q?
37
Let f be ((-918)/(-4))/((-150)/(-200)). Calculate the highest common divisor of 18 and f.
18
Suppose 2*c + 6699 = 2*z - 693, -5*c = -2*z + 7386. Calculate the greatest common divisor of 172 and z.
86
Suppose 0 = 5*s - 374 + 129. Let g(m) = m**2 - 17*m - 53. Let o be g(-3). What is the greatest common divisor of o and s?
7
Let o = -321 + 325. Let n be (((-420)/16)/5)/(o/(-416)). Calculate the highest common factor of 84 and n.
42
Let a = -201 - -1022. Suppose -23*u = -a - 1157. What is the highest common factor of 43 and u?
43
Suppose -9*z + 48*u + 321 = 45*u, -176 = -5*z + 4*u. Calculate the greatest common divisor of z and 3870.
18
Let j = -312 - -762. Suppose -6*n - j = -9*n. Calculate the highest common divisor of 90 and n.
30
Let l be (-72)/(-612) - (-64)/34. Suppose 17 = -l*g + 23. Suppose 9*q - 1638 = g*q. Calculate the highest common divisor of 39 and q.
39
Let c = 13722 - 3591. Calculate the greatest common divisor of 33 and c.
33
Let h be -4 + 58/6 + (-22)/(-297)*-9. Let b(v) = v**3 + 7*v**2 + 2*v - 4. Let n be b(-6). What is the greatest common divisor of n and h?
5
Let t = -5417 + 5542. Calculate the greatest common factor of 200 and t.
25
Let i = -439 - -592. Let j = 60 + -9. Calculate the highest common factor of i and j.
51
Let z(u) = u**2 + 10*u - 34. Let h be z(5). Let t = 22 + -9. Let q be (-54 + t)/((-2)/8). What is the highest common divisor of h and q?
41
Let n be (123 + -117)/((-4)/(-6)). Let q be 10/25 + 16/10. What is the greatest common factor of q and n?
1
Suppose 5*i - 1950 = i + 2*y, 5*y = -2*i + 957. Suppose 8*g - 14*g + i = 0. Calculate the greatest common factor of g and 135.
27
Suppose -7*c = -5*c. Suppose 0 = 3*r + 4*n - 731, c = 4*r + n + 2*n - 963. Let o = r - 85. Calculate the highest common divisor of 38 and o.
38
Let l be (-1 + -1)/((-2)/87). Suppose -344*n + 1427*n - 219849 = 0. Calculate the greatest common factor of l and n.
29
Let p be (3/9)/((-30)/(-76590)). Calculate the highest common divisor of p and 115.
23
Let w(n) = -7*n + 36. Let i be w(-12). Calculate the highest common divisor of 16 and i.
8
Let o be (18 + (10 - 6))*109*1. Calculate the greatest common factor of o and 44.
22
Let c be (5 + 0)/((-30)/(-12)). Suppose 0 = 5*n + d - 4318, c*n - 3*n + 3*d + 870 = 0. What is the greatest common factor of 32 and n?
32
Suppose -5*o = 2*c - 107, -65 = -2*o + c - 15. Suppose o*n - 15*n + 536 = 0. Let z = n - -73. What is the greatest common factor of z and 3?
3
Let c(h) = -145*h + 272. Let v be c(0). Calculate the greatest common factor of v and 64.
16
Suppose 591*q - 600*q + 63 = 0. What is the highest common factor of 1253 and q?
7
Let x(n) = 54*n**3 - n**2 - 194*n + 738. Let m be x(4). What is the greatest common divisor of m and 21?
21
Suppose 462*v - 405*v - 918270 = 0. Calculate the greatest common divisor of 179 and v.
179
Suppose -3*a - 1546 = 500. Let f = a - -971. What is the greatest common factor of f and 17?
17
Suppose -4*j + 5*t - 13 = 0, 2*t - 19 = 3*j - 6*j. Suppose -77*p = -82*p + 755. Let r = 154 - p. What is the greatest common divisor of r and j?
3
Suppose -12 = 4*v, r = 2*v + 49 + 68. Let o = -107 + r. Calculate the greatest common divisor of 144 and o.
4
Suppose -4*c = -154*m + 150*m - 316, -3*c - 4*m = -258. Calculate the highest common divisor of 205 and c.
41
Suppose j = -s + 278, -5*j - 144*s = -148*s - 1363. What is the greatest common divisor of 121 and j?
11
Let y = -333 - -114. Let w = 236 + y. Let x(c) = 2*c**3 - 7*c**2 + c + 5. Let h be x(5). What is the greatest common factor of w and h?
17
Let p(u) = 48*u**2 + 38*u - 20. Let r be p(10). Calculate the greatest common divisor of r and 240.
120
Let p(o) be the third derivative of 6*o**5/5 - o**4/2 + 17*o**3/3 - 2*o**2 - 17. Let c be p(3). Calculate the greatest common factor of c and 38.
38
Let p = 5793 - -24690. Calculate the highest common factor of 27 and p.
27
Let q(h) = -20*h + 1. Let d be q(-1). Suppose -5*g + 19 = -2*v + 45, -v + 5*g = -23. Suppose -8*f + 53 = -v. What is the greatest common divisor of f and d?
7
Let l = -4703 + 4753. Calculate the highest common divisor of l and 8.
2
Let g(c) = -c**2 + 38*c + 34. Let v be g(19). Let q = v - -130. Calculate the highest common factor of q and 21.
21
Suppose 6960 - 2485 + 2292 = 67*n. What is the highest common divisor of 35047 and n?
101
Let i = 1579 - 1337. Suppose 2*x = 5*y - 3*x - 135, 0 = -y - 3*x + 7. What is the highest common divisor of y and i?
22
Let t(h) = 3*h**3 + 2*h**2 - 4*h + 1. Let i be t(1). Suppose 22 = 2*n + i*p, -4*n - 5*p - 17 = -8*n. What is the highest common factor of 32 and n?
8
Let j = 111 - 111. Suppose j = -d + 2*y + 134, -3*d + 0*d + 382 = -y. What is the highest common factor of 63 and d?
63
Suppose -2*i = -8*i + 288. Let x be (-25)/(175/(-112))*(-21)/(-3). What is the greatest common factor of x and i?
16
Let f(t) = t**3 - 11*t**2 - 81*t + 79. Let a be f(16). Calculate the greatest common factor of 16884 and a.
63
Let n = -9 + 6. Let u = n + 7. Suppose 198 = -10*x + 158 + 120. Calculate the highest common divisor of x and u.
4
Let t = -49070 + 49340. Let u be ((-4)/6)/(2/(-486)). Calculate the highest common factor of t and u.
54
Let b be (-5 - -1)*1904/(-64). Calculate the highest common divisor of b and 147.
7
Suppose -4*o + 10770 = 2*m, 51*m - 55*m - 4*o + 21536 = 0. Calculate the greatest common factor of m and 14.
7
Let t be -8*(-10877)/(-16)*-2. What is the highest common divisor of t and 149?
149
Suppose -23*z = -25*z - 250. Let b = z - -129. Let q be ((-2 + -10)/1)/((-6)/4). What is the greatest common divisor of q and b?
4
Suppose -14*l + 30 = -12*l. Let q = -8 + l. Suppose -q*d = -1604 + 218. Calculate the greatest common divisor of d and 18.
18
Let k = -145 - -93. Let q = -54 - -111. Let c = q + k. What is the highest common divisor of c and 45?
5
Suppose r = -2*z - 15, 2*r + 4*z + 22 = 2*z. Let o be (-1)/((1/r)/1). Suppose 24025*q - 23972*q = 4081. Calculate the highest common factor of o and q.
7
Suppose -k - 4*o + 196 = 0, -3*k + o + 515 + 138 = 0. What is the highest common divisor of k and 324?
108
Suppose -z - 8*o + 25 = 0, -15*z = -11*z - 4*o - 244. Suppose p + 0 - 3 = 0. Suppose -p*h - 19 = -4*h. What is the highest common divisor of z and h?
19
Suppose -3*s - 9 = 0, -13 + 0 = -h - 3*s. Suppose -h + 10 = -2*m. Suppose 92 = a + 2*j, 0 = 3*j - j + m. What is the highest common divisor of 14 and a?
14
Let m = -2031 + 3071. What is the highest common divisor of 240 and m?
80
Let g be 26/(-9)*(-1146)/2483 - 2104/(-6). Calculate the greatest common factor of g and 120.
8
Let p(g) = -11*g - 64. Let q(z) = -32*z - 195. Let f(t) = 11*p(t) - 4*q(t). Let c be f(11). Calculate the greatest 